 the remainder when 629 is divided by 10.
9
Calculate the remainder when 178 is divided by 33.
13
What is the remainder when 100 is divided by 26?
22
Calculate the remainder when 483 is divided by 238.
7
Calculate the remainder when 282 is divided by 53.
17
Calculate the remainder when 1390 is divided by 24.
22
Calculate the remainder when 7746 is divided by 68.
62
What is the remainder when 723 is divided by 121?
118
Calculate the remainder when 97 is divided by 47.
3
Calculate the remainder when 223 is divided by 95.
33
Calculate the remainder when 2079 is divided by 32.
31
What is the remainder when 363 is divided by 10?
3
Calculate the remainder when 356 is divided by 23.
11
What is the remainder when 550 is divided by 141?
127
What is the remainder when 174 is divided by 100?
74
Calculate the remainder when 2056 is divided by 25.
6
Calculate the remainder when 109 is divided by 35.
4
Calculate the remainder when 1978 is divided by 1971.
7
What is the remainder when 687 is divided by 37?
21
Calculate the remainder when 4311 is divided by 22.
21
Calculate the remainder when 1510 is divided by 370.
30
Calculate the remainder when 1569 is divided by 34.
5
What is the remainder when 5928 is divided by 258?
252
Calculate the remainder when 6210 is divided by 207.
0
What is the remainder when 409 is divided by 2?
1
Calculate the remainder when 2002 is divided by 287.
280
What is the remainder when 158 is divided by 76?
6
What is the remainder when 633 is divided by 168?
129
What is the remainder when 2074 is divided by 95?
79
Calculate the remainder when 104 is divided by 19.
9
What is the remainder when 121 is divided by 29?
5
What is the remainder when 595 is divided by 13?
10
What is the remainder when 1609 is divided by 228?
13
Calculate the remainder when 2277 is divided by 756.
9
What is the remainder when 20 is divided by 6?
2
Calculate the remainder when 322 is divided by 58.
32
Calculate the remainder when 427 is divided by 11.
9
What is the remainder when 743 is divided by 133?
78
Calculate the remainder when 270 is divided by 84.
18
Calculate the remainder when 317 is divided by 20.
17
Calculate the remainder when 64 is divided by 10.
4
Calculate the remainder when 56 is divided by 54.
2
Calculate the remainder when 721 is divided by 146.
137
Calculate the remainder when 28773 is divided by 11.
8
Calculate the remainder when 4030 is divided by 72.
70
What is the remainder when 63 is divided by 8?
7
What is the remainder when 1582 is divided by 198?
196
What is the remainder when 297 is divided by 178?
119
What is the remainder when 1709 is divided by 188?
17
What is the remainder when 227 is divided by 46?
43
What is the remainder when 122 is divided by 21?
17
Calculate the remainder when 33477 is divided by 180.
177
Calculate the remainder when 248 is divided by 78.
14
Calculate the remainder when 1081 is divided by 78.
67
What is the remainder when 110 is divided by 19?
15
What is the remainder when 161 is divided by 36?
17
Calculate the remainder when 533 is divided by 54.
47
Calculate the remainder when 36 is divided by 9.
0
Calculate the remainder when 606 is divided by 8.
6
What is the remainder when 1371 is divided by 49?
48
What is the remainder when 1233 is divided by 90?
63
What is the remainder when 5331 is divided by 532?
11
What is the remainder when 77 is divided by 4?
1
Calculate the remainder when 4608 is divided by 81.
72
Calculate the remainder when 215 is divided by 6.
5
What is the remainder when 984 is divided by 16?
8
What is the remainder when 401 is divided by 16?
1
What is the remainder when 538 is divided by 20?
18
Calculate the remainder when 24 is divided by 16.
8
Calculate the remainder when 131 is divided by 43.
2
Calculate the remainder when 277 is divided by 49.
32
What is the remainder when 94 is divided by 48?
46
What is the remainder when 168 is divided by 22?
14
What is the remainder when 790 is divided by 47?
38
What is the remainder when 13513 is divided by 23?
12
What is the remainder when 706 is divided by 224?
34
What is the remainder when 511 is divided by 64?
63
Calculate the remainder when 124 is divided by 27.
16
Calculate the remainder when 7942 is divided by 227.
224
What is the remainder when 1369 is divided by 25?
19
Calculate the remainder when 1847 is divided by 918.
11
Calculate the remainder when 824 is divided by 36.
32
What is the remainder when 2974 is divided by 24?
22
What is the remainder when 1286 is divided by 343?
257
Calculate the remainder when 28 is divided by 19.
9
What is the remainder when 257 is divided by 67?
56
Calculate the remainder when 48 is divided by 18.
12
What is the remainder when 231 is divided by 63?
42
What is the remainder when 219 is divided by 117?
102
Calculate the remainder when 2764 is divided by 79.
78
What is the remainder when 248 is divided by 238?
10
Calculate the remainder when 316 is divided by 100.
16
What is the remainder when 168 is divided by 90?
78
Calculate the remainder when 337 is divided by 38.
33
Calculate the remainder when 767 is divided by 129.
122
What is the remainder when 63 is divided by 13?
11
What is the remainder when 3235 is divided by 60?
55
What is the remainder when 122 is divided by 19?
8
What is the remainder when 280 is divided by 57?
52
Calculate the remainder when 1280 is divided by 255.
5
Calculate the remainder when 15 is divided by 9.
6
Calculate the remainder when 49 is divided by 35.
14
What is the remainder when 96 is divided by 18?
6
Calculate the remainder when 153 is divided by 78.
75
Calculate the remainder when 210 is divided by 8.
2
Calculate the remainder when 183 is divided by 18.
3
Calculate the remainder when 58 is divided by 15.
13
What is the remainder when 913 is divided by 15?
13
What is the remainder when 162 is divided by 33?
30
What is the remainder when 767 is divided by 11?
8
Calculate the remainder when 1023 is divided by 57.
54
Calculate the remainder when 61 is divided by 21.
19
What is the remainder when 73 is divided by 72?
1
What is the remainder when 32 is divided by 25?
7
Calculate the remainder when 414 is divided by 54.
36
What is the remainder when 577 is divided by 118?
105
What is the remainder when 1193 is divided by 46?
43
What is the remainder when 31 is divided by 22?
9
Calculate the remainder when 18253 is divided by 326.
323
Calculate the remainder when 1833 is divided by 5.
3
What is the remainder when 316 is divided by 64?
60
What is the remainder when 1548 is divided by 50?
48
Calculate the remainder when 2583 is divided by 38.
37
What is the remainder when 80 is divided by 14?
10
What is the remainder when 316 is divided by 54?
46
What is the remainder when 340 is divided by 11?
10
Calculate the remainder when 4083 is divided by 509.
11
Calculate the remainder when 3082 is divided by 172.
158
What is the remainder when 766 is divided by 250?
16
Calculate the remainder when 85 is divided by 24.
13
What is the remainder when 5225 is divided by 1736?
17
Calculate the remainder when 455 is divided by 132.
59
Calculate the remainder when 522 is divided by 89.
77
What is the remainder when 250 is divided by 65?
55
Calculate the remainder when 254 is divided by 121.
12
Calculate the remainder when 45 is divided by 26.
19
What is the remainder when 2398 is divided by 303?
277
Calculate the remainder when 264 is divided by 46.
34
What is the remainder when 514 is divided by 173?
168
Calculate the remainder when 160 is divided by 42.
34
Calculate the remainder when 237 is divided by 103.
31
Calculate the remainder when 163 is divided by 52.
7
What is the remainder when 385 is divided by 372?
13
Calculate the remainder when 435 is divided by 74.
65
Calculate the remainder when 796 is divided by 371.
54
Calculate the remainder when 719 is divided by 19.
16
Calculate the remainder when 528 is divided by 34.
18
What is the remainder when 1554 is divided by 94?
50
What is the remainder when 872 is divided by 38?
36
Calculate the remainder when 2359 is divided by 40.
39
Calculate the remainder when 710 is divided by 119.
115
Calculate the remainder when 392 is divided by 224.
168
Calculate the remainder when 559 is divided by 154.
97
Calculate the remainder when 3673 is divid